{"id":1520,"date":"2018-11-06T08:21:29","date_gmt":"2018-11-06T07:21:29","guid":{"rendered":"http:\/\/stanislas-nice.com\/site\/?page_id=1520"},"modified":"2018-12-20T08:45:05","modified_gmt":"2018-12-20T07:45:05","slug":"geek-school","status":"publish","type":"page","link":"https:\/\/stanislas-nice.com\/site\/geek-school\/","title":{"rendered":"Geek School"},"content":{"rendered":"<p>[vc_row][vc_column][vc_column_text]<strong>\u00ab\u00a0Geek School\u00a0\u00bb<\/strong><\/p>\n<p style=\"text-align: justify;\">\u00c0 l\u2019\u00e8re de la num\u00e9risation, la ma\u00eetrise des savoir-faire informatique, et plus particuli\u00e8rement des fondamentaux de la programmation devient un imp\u00e9ratif. De nombreux enseignants commencent \u00e0 int\u00e9grer l\u2019utilisation de l\u2019informatique dans leur pratique p\u00e9dagogique, et les enseignants de Math\u00e9matiques s\u2019int\u00e9ressent de plus en plus \u00e0 la programmation. Mais les besoins de nombreux coll\u00e9giens d\u00e9passent les attendus de l\u2019\u00c9ducation Nationale.\u00a0 La \u00ab\u00a0Geek School\u00a0\u00bb intervient dans nos murs aux heures o\u00f9 certaines salles informatiques et les coll\u00e9giens sont libres. Elle participe aussi \u00e0 notre programme \u00ab\u00a0Stan\u2019Up\u00a0\u00bb pour aider les jeunes qui souhaitent mod\u00e9liser dans le cadre de ce challenge une appli.<\/p>\n<p><a href=\"http:\/\/stanislas-nice.com\/site\/wp-content\/uploads\/2018\/12\/geek.png\"><img loading=\"lazy\" class=\"alignnone size-full wp-image-1707\" src=\"http:\/\/stanislas-nice.com\/site\/wp-content\/uploads\/2018\/12\/geek.png\" alt=\"\" width=\"200\" height=\"197\" \/><\/a><\/p>\n<p><a href=\"http:\/\/www.geekschool.fr\/\">http:\/\/www.geekschool.fr\/<\/a>[\/vc_column_text][\/vc_column][\/vc_row]<\/p>\n","protected":false},"excerpt":{"rendered":"<p>[vc_row][vc_column][vc_column_text]\u00ab\u00a0Geek School\u00a0\u00bb<br \/>\n\u00c0 l\u2019\u00e8re de la num\u00e9risation, la ma\u00eetrise des savoir-faire informatique, et plus particuli\u00e8rement des fondamentaux de la programmation devient un imp\u00e9ratif. De nombreux enseignants commencent \u00e0 int\u00e9grer l\u2019utilisation de l\u2019informatique dans leur pratique p\u00e9dagogique, et les enseignants de Math\u00e9matiques s\u2019int\u00e9ressent de plus en plus \u00e0 la programmation. Mais les besoins de nombreux coll\u00e9giens d\u00e9passent les attendus de l\u2019\u00c9ducation Nationale.\u00a0 La \u00ab\u00a0Geek School\u00a0\u00bb intervient dans nos murs aux heures o\u00f9 certaines salles informatiques et les coll\u00e9giens sont libres. Elle &#8230;<\/p>\n","protected":false},"author":3,"featured_media":0,"parent":0,"menu_order":0,"comment_status":"closed","ping_status":"closed","template":"template_leftnav.php","meta":{"_links_to":"","_links_to_target":""},"_links":{"self":[{"href":"https:\/\/stanislas-nice.com\/site\/wp-json\/wp\/v2\/pages\/1520"}],"collection":[{"href":"https:\/\/stanislas-nice.com\/site\/wp-json\/wp\/v2\/pages"}],"about":[{"href":"https:\/\/stanislas-nice.com\/site\/wp-json\/wp\/v2\/types\/page"}],"author":[{"embeddable":true,"href":"https:\/\/stanislas-nice.com\/site\/wp-json\/wp\/v2\/users\/3"}],"replies":[{"embeddable":true,"href":"https:\/\/stanislas-nice.com\/site\/wp-json\/wp\/v2\/comments?post=1520"}],"version-history":[{"count":3,"href":"https:\/\/stanislas-nice.com\/site\/wp-json\/wp\/v2\/pages\/1520\/revisions"}],"predecessor-version":[{"id":2126,"href":"https:\/\/stanislas-nice.com\/site\/wp-json\/wp\/v2\/pages\/1520\/revisions\/2126"}],"wp:attachment":[{"href":"https:\/\/stanislas-nice.com\/site\/wp-json\/wp\/v2\/media?parent=1520"}],"curies":[{"name":"wp","href":"https:\/\/api.w.org\/{rel}","templated":true}]}}