{"id":1740,"date":"2018-12-20T09:17:50","date_gmt":"2018-12-20T08:17:50","guid":{"rendered":"http:\/\/stanislas-nice.com\/site\/?page_id=1740"},"modified":"2018-12-22T08:27:02","modified_gmt":"2018-12-22T07:27:02","slug":"ecole-polonaise","status":"publish","type":"page","link":"https:\/\/stanislas-nice.com\/site\/ecole-polonaise\/","title":{"rendered":"\u00c9cole Polonaise"},"content":{"rendered":"<p>[vc_row][vc_column][vc_column_text]<strong>\u00c9cole Polonaise de Nice<\/strong><\/p>\n<p style=\"text-align: justify;\">La \u00ab\u00a0Szkola Polska\u00a0\u00bb de Nice est une association loi 1901 cr\u00e9\u00e9e par un groupe de parents install\u00e9s dans les Alpes Maritimes et qui sont d\u00e9sireux que leurs enfants puissent apprendre le polonais ainsi que la culture, les traditions et l\u2019histoire du pays de leurs parents et grands-parents.<\/p>\n<p style=\"text-align: justify;\">Depuis la rentr\u00e9e de septembre 2018, les cours ont lieu \u00e0 Stanislas tous les mercredis de 14h \u00e0 17h.<\/p>\n<p style=\"text-align: justify;\"><img loading=\"lazy\" class=\"alignnone wp-image-1712\" src=\"http:\/\/stanislas-nice.com\/site\/wp-content\/uploads\/2018\/12\/polska.jpg\" alt=\"\" width=\"158\" height=\"159\" srcset=\"https:\/\/stanislas-nice.com\/site\/wp-content\/uploads\/2018\/12\/polska.jpg 224w, https:\/\/stanislas-nice.com\/site\/wp-content\/uploads\/2018\/12\/polska-150x150.jpg 150w\" sizes=\"(max-width: 158px) 100vw, 158px\" \/><\/p>\n<p><a href=\"http:\/\/www.szkola-nicea.org\/\">http:\/\/www.szkola-nicea.org\/<\/a>[\/vc_column_text][\/vc_column][\/vc_row]<\/p>\n","protected":false},"excerpt":{"rendered":"<p>[vc_row][vc_column][vc_column_text]\u00c9cole Polonaise de Nice<br \/>\nLa \u00ab\u00a0Szkola Polska\u00a0\u00bb de Nice est une association loi 1901 cr\u00e9\u00e9e par un groupe de parents install\u00e9s dans les Alpes Maritimes et qui sont d\u00e9sireux que leurs enfants puissent apprendre le polonais ainsi que la culture, les traditions et l\u2019histoire du pays de leurs parents et grands-parents.<br \/>\nDepuis la rentr\u00e9e de septembre 2018, les cours ont lieu \u00e0 Stanislas tous les mercredis de 14h \u00e0 17h.<\/p>\n<p>http:\/\/www.szkola-nicea.org\/[\/vc_column_text][\/vc_column][\/vc_row]<\/p>\n","protected":false},"author":3,"featured_media":0,"parent":0,"menu_order":0,"comment_status":"closed","ping_status":"closed","template":"template_leftnav.php","meta":{"_links_to":"","_links_to_target":""},"_links":{"self":[{"href":"https:\/\/stanislas-nice.com\/site\/wp-json\/wp\/v2\/pages\/1740"}],"collection":[{"href":"https:\/\/stanislas-nice.com\/site\/wp-json\/wp\/v2\/pages"}],"about":[{"href":"https:\/\/stanislas-nice.com\/site\/wp-json\/wp\/v2\/types\/page"}],"author":[{"embeddable":true,"href":"https:\/\/stanislas-nice.com\/site\/wp-json\/wp\/v2\/users\/3"}],"replies":[{"embeddable":true,"href":"https:\/\/stanislas-nice.com\/site\/wp-json\/wp\/v2\/comments?post=1740"}],"version-history":[{"count":3,"href":"https:\/\/stanislas-nice.com\/site\/wp-json\/wp\/v2\/pages\/1740\/revisions"}],"predecessor-version":[{"id":1792,"href":"https:\/\/stanislas-nice.com\/site\/wp-json\/wp\/v2\/pages\/1740\/revisions\/1792"}],"wp:attachment":[{"href":"https:\/\/stanislas-nice.com\/site\/wp-json\/wp\/v2\/media?parent=1740"}],"curies":[{"name":"wp","href":"https:\/\/api.w.org\/{rel}","templated":true}]}}