{"id":2034,"date":"2019-05-19T11:50:33","date_gmt":"2019-05-19T10:50:33","guid":{"rendered":"http:\/\/stanislas-nice.com\/site\/?page_id=2034"},"modified":"2019-06-24T10:54:49","modified_gmt":"2019-06-24T09:54:49","slug":"edition-2018-2019","status":"publish","type":"page","link":"https:\/\/stanislas-nice.com\/site\/edition-2018-2019\/","title":{"rendered":"Edition 2018-2019 du concours d&rsquo;\u00e9loquence"},"content":{"rendered":"<p>[vc_row][vc_column][vc_images_carousel images=\u00a0\u00bb2039,2040,2041,2042,2043,2044&Prime; img_size=\u00a0\u00bb450&#215;338&Prime; autoplay=\u00a0\u00bbyes\u00a0\u00bb wrap=\u00a0\u00bbyes\u00a0\u00bb][vc_video link=\u00a0\u00bbhttps:\/\/youtu.be\/peNi6hwPZJg\u00a0\u00bb title=\u00a0\u00bbPremi\u00e8re demi-finale du concours d&rsquo;\u00e9loquence Stan&rsquo;Nice 2019&Prime;][vc_video link=\u00a0\u00bbhttps:\/\/youtu.be\/3BfCjT9120Q\u00a0\u00bb title=\u00a0\u00bbDeuxi\u00e8me demi-finale concours d&rsquo;\u00e9loquence Stan&rsquo;Nice 2019&Prime;][vc_video link=\u00a0\u00bbhttps:\/\/youtu.be\/HTRs87C9tAc\u00a0\u00bb title=\u00a0\u00bbFinale du concours d&rsquo;\u00e9loquence Stan&rsquo;Nice 2019&Prime;][\/vc_column][\/vc_row][vc_row][vc_column][vc_column_text]<strong>1<sup>er<\/sup> Round<\/strong><\/p>\n<p>(Chaque round dure 30 minutes.)<\/p>\n<p>09\/01\u00a0: 12:15\u00a0: Karl Luneau &amp; Pauline Puharr\u00e9\u00a0: \u00ab\u00a0Peut-on \u00eatre un parfait \u00e9go\u00efste\u00a0?\u00a0\u00bb<\/p>\n<p>10\/01\u00a0: 12:15\u00a0: Paul Laclias\u00a0&amp; Louis Marais-Baglione\u00a0: \u00ab\u00a0Libert\u00e9, \u00e9galit\u00e9, fraternit\u00e9\u00a0: laquelle de ces trois valeurs est la plus fondamentale\u00a0?\u00a0\u00bb<\/p>\n<p>10\/01\u00a0: 12:50\u00a0: Alexis Guillon &amp; Edoardo Parenti\u00a0: \u00ab\u00a0Est-on jamais libre\u00a0?\u00a0\u00bb<\/p>\n<p>14\/01\u00a0: 12:15\u00a0: Alicia Gumpel &amp; Agathe Martet\u00a0: \u00ab\u00a0L&rsquo;intelligence artificielle est-elle dangereuse pour l&rsquo;Homme ?\u00a0\u00bb<\/p>\n<p>14\/01\u00a0: 12:50\u00a0: Mona Benedetto &amp; Sarah Souquet\u00a0: \u00ab\u00a0La fin justifie-t-elle les moyens\u00a0?\u00a0\u00bb<\/p>\n<p>17\/01\u00a0: 12:15\u00a0: Louis Ciais &amp; L\u00e9na Stern\u00a0: La morale compte-t-elle en politique\u00a0?<\/p>\n<p>17\/01\u00a0: 12:50\u00a0: Alice Delaunay &amp; Anoushka Lambert-Bouthier\u00a0: Le f\u00e9minisme consiste-t-il \u00e0 supprimer toute diff\u00e9rence entre les hommes et les femmes ?<\/p>\n<p>21\/01\u00a0: 12:15\u00a0: Th\u00e9odore Jacquet &amp; J\u00e9r\u00e9mie Machabert\u00a0: \u00ab\u00a0Les animaux ont-ils des droits\u00a0?\u00a0\u00bb<\/p>\n<p>21\/01\u00a0: 12:50\u00a0: Sacha de Andolenko &amp; Valentin Suppa Galezot\u00a0: \u00ab\u00a0Y a-t-il une place pour les r\u00eaves dans notre soci\u00e9t\u00e9\u00a0?\u00a0\u00bb<\/p>\n<p>24\/01\u00a0: 12:15\u00a0: Louise Delaunay &amp; Marie Vautard\u00a0: \u00ab\u00a0Le f\u00e9minisme consiste-t-il \u00e0 supprimer toute diff\u00e9rence entre les hommes et les femmes ?\u00a0\u00bb<\/p>\n<p>24\/01\u00a0: 12:50\u00a0: Emma Balay &amp; C\u00e9sar Fabiani\u00a0: \u00ab\u00a0A-t-on des devoirs envers son pays\u00a0?\u00a0\u00bb<\/p>\n<p>28\/01\u00a0: 12:15\u00a0: Swan Massart &amp; Xenia Neskovic\u00a0: Peut-on sauver la nature\u00a0?<\/p>\n<p>28\/01\u00a0: 12:50\u00a0: \u00c9milie Palm\u00e9ro &amp; Anna Suisse\u00a0: \u00ab\u00a0La morale compte-t-elle en politique\u00a0?\u00a0\u00bb<\/p>\n<p>31\/01\u00a0: 12:15\u00a0: Matteo Cannatella &amp; Adrien Leroux\u00a0: \u00ab\u00a0La d\u00e9mocratie est-elle le meilleur r\u00e9gime politique\u00a0?\u00a0\u00bb<\/p>\n<p>31\/01\u00a0: 12:50\u00a0: L\u00e9a Cittadini &amp; L\u00e9a Lingrand\u00a0: \u00ab\u00a0L&rsquo;intelligence artificielle est-elle dangereuse pour l&rsquo;Homme ?\u00a0\u00bb<\/p>\n<p>01\/02\u00a0: 12:15\u00a0: Antoine Graiff &amp; Claire Leforestier\u00a0: \u00ab\u00a0Toute v\u00e9rit\u00e9 est-elle bonne \u00e0 dire\u00a0?\u00a0\u00bb<\/p>\n<p>01\/02\u00a0: 12:50\u00a0: Camille C\u00eatre &amp; Lauren Longo\u00a0: \u00ab\u00a0L\u2019engagement politique a-t-il encore un sens\u00a0?\u00a0\u00bb<\/p>\n<p>04\/02\u00a0: 12:15\u00a0: Simon Bruno &amp; Rapha\u00ebl Drapp\u00a0: \u00ab\u00a0L\u2019homme est-il libre par nature\u00a0?\u00a0\u00bb<\/p>\n<p>04\/02\u00a0: 12:50\u00a0: \u00c9milie Sivan &amp; Blanche Taupin\u00a0: L\u2019homme doit-il \u00eatre immortel ?<\/p>\n<p>07\/02\u00a0: 12:15\u00a0: Victoria Caillet &amp; Guillaume Richerme\u00a0: \u00ab\u00a0Le vote\u00a0: un droit n\u00e9glig\u00e9 ou un devoir facultatif\u00a0?\u00a0\u00bb<\/p>\n<p>07\/02\u00a0: 12:50\u00a0: Pauline Gasperi &amp; Carl Logerot\u00a0: \u00ab\u00a0Tous les citoyens m\u00e9ritent-ils le droit de voter\u00a0?\u00a0\u00bb<\/p>\n<p><strong>2<sup>e<\/sup> round<\/strong><\/p>\n<p>07\/03\u00a0: 12:15\u00a0: Pauline Puharr\u00e9 &amp; Victoria Caillet\u00a0: \u00ab\u00a0<em><u>Faut-il avoir peur de la mort\u00a0?<\/u><\/em>\u00a0\u00bb<\/p>\n<p>07\/03\u00a0: 12:50\u00a0: Matteo Cannatella &amp; \u00c9milie Palmero\u00a0: <u>\u00ab\u00a0<em>L\u2019espoir est-il de la paresse\u00a0?\u00a0<\/em>\u00bb<\/u><\/p>\n<p>11\/03\u00a0: 12:15\u00a0: Sacha de Andolenko &amp; Rapha\u00ebl Drapp\u00a0: <u>\u00ab\u00a0<em>Notre apparence est-elle notre \u0153uvre\u00a0?<\/em>\u00a0\u00bb<\/u><\/p>\n<p>11\/03\u00a0: 12:50\u00a0: Paul Laclias\u00a0&amp; Carl Logerot\u00a0:\u00a0<u>\u00ab\u00a0<em>L\u2019effort paie-t-il toujours\u00a0?\u00a0<\/em>\u00bb<\/u><\/p>\n<p>18\/03\u00a0: 12:15\u00a0: Camille C\u00eatre &amp; Pauline Gasperi\u00a0: \u00ab\u00a0<em><u>L\u2019\u00e9galit\u00e9 est-elle une ambition m\u00e9diocre\u00a0?\u00a0<\/u><\/em>\u00bb<\/p>\n<p>18\/03\u00a0: 12:50\u00a0: Xenia Neskovic &amp; J\u00e9r\u00e9mie Machabert\u00a0: <em><u>L\u2019anonymat en ligne est-il n\u00e9faste\u00a0?<\/u><\/em><\/p>\n<p>21\/03\u00a0: 12:15\u00a0: Karl Luneau &amp; Emma Balay\u00a0: <u>\u00ab <em>\u00catre scandaleux, c\u2019est dire aujourd\u2019hui ce que tout le monde dira dans 10 ans <\/em>\u00bb (Wolinski)<\/u><\/p>\n<p>21\/03\u00a0: 12:50\u00a0: C\u00e9sar Fabiani &amp; Simon Bruno\u00a0: <u>\u00ab\u00a0<em>La morale est-elle un obstacle \u00e0 la r\u00e9ussite\u00a0?<\/em>\u00a0\u00bb<\/u><\/p>\n<p>28\/03\u00a0: 12:15\u00a0: Antoine Graiff &amp; Alice Delaunay\u00a0: <u>\u00ab\u00a0<em>Raison ou \u00e9motion\u00a0?\u00a0<\/em>\u00bb<\/u><\/p>\n<p>28\/03\u00a0: 12:50\u00a0: Louis Ciais &amp; L\u00e9a Lingrand\u00a0: \u00ab\u00a0<em><u>Le progr\u00e8s technique nous offre-t-il plus de libert\u00e9 ?\u00a0<\/u><\/em>\u00bb<\/p>\n<p>01\/04\u00a0: 12:15\u00a0: \u00c9milie Sivan &amp; Adrien Leroux\u00a0: \u00ab\u00a0<em><u>Morale du fort, morale du faible, Nietzsche a-t-il raison ?<\/u><\/em>\u00a0\u00bb<\/p>\n<p>01\/04\u00a0: 12:50\u00a0: Swan Massart &amp; Alexis Guillon\u00a0: \u00ab\u00a0<em><u>L\u2019habit fait-il le moine\u00a0?<\/u><\/em>\u00a0\u00bb<\/p>\n<p>04\/04\u00a0: 12:15\u00a0: Marie Vautard &amp; Mona Benedetto\u00a0:<u> \u00ab\u00a0<em>Le progr\u00e8s est-il synonyme d\u2019\u00e9panouissement ou de repli ?\u00a0<\/em>\u00bb<\/u><\/p>\n<p>04\/04\u00a0: 12:50\u00a0: Agathe Martet &amp; Valentin Suppa-Galezot\u00a0: <u>\u00ab\u00a0<em>Le P\u00e8re No\u00ebl est-il une ordure\u00a0?<\/em>\u00a0\u00bb<\/u><\/p>\n<p><strong>\u00a0<\/strong><\/p>\n<p><strong>3<sup>e<\/sup> round<\/strong><\/p>\n<p>06\/05\u00a0: 12:15\u00a0: J\u00e9r\u00e9mie Machabert contre Karl Luneau\u00a0: \u00ab\u00a0Pain au chocolat ou chocolatine? Imposer un mod\u00e8le culturel unique en France&#8230;\u00a0\u00bb<\/p>\n<p>06\/05\u00a0: 12:50\u00a0: Valentin Suppa contre Pauline Gasperi\u00a0: \u00ab\u00a0L\u2019humanit\u00e9 est-elle condamn\u00e9e \u00e0 dispara\u00eetre\u00a0?\u00a0\u00bb<\/p>\n<p>07\/05\u00a0: 12:15\u00a0: Antoine Graiff contre Adrien Leroux\u00a0: \u00ab\u00a0Carpe Diem\u00a0\u00bb<\/p>\n<p>07\/05\u00a0: 12:50\u00a0: Marie Vautard contre Carl Logerot\u00a0: \u00ab\u00a0Peut-on tout pardonner\u00a0?\u00a0\u00bb<\/p>\n<p>13\/05\u00a0: 12:15\u00a0: Rapha\u00ebl Drapp contre Emma Balay\u00a0: \u00ab\u00a0Doit-on pr\u00e9f\u00e9rer vivre un jour comme un lion ou cent jours comme un mouton\u00a0?\u00a0\u00bb<\/p>\n<p>13\/05\u00a0: 12:50\u00a0: Pauline Puharr\u00e9 contre Sacha de Andolenko\u00a0: \u00ab\u00a0Quelle est votre d\u00e9finition de l\u2019amour\u00a0?\u00a0\u00bb<\/p>\n<p>17\/05\u00a0: 12:15\u00a0: Louis Ciais contre Matteo Cannatella\u00a0: \u00ab\u00a0Le respect est-il mort\u00a0?\u00a0\u00bb<\/p>\n<p>17\/05\u00a0: 12:50\u00a0: Simon Bruno contre Alexis Guillon\u00a0: \u00ab\u00a0On nous cache tout, on nous dit rien\u00a0\u00bb<\/p>\n<p>&nbsp;<\/p>\n<p>&nbsp;<\/p>\n<p><strong>Finale\u00a0: 28 mai<\/strong>[\/vc_column_text][\/vc_column][\/vc_row]<\/p>\n","protected":false},"excerpt":{"rendered":"<p>[vc_row][vc_column][vc_images_carousel images=\u00a0\u00bb2039,2040,2041,2042,2043,2044&Prime; img_size=\u00a0\u00bb450&#215;338&Prime; autoplay=\u00a0\u00bbyes\u00a0\u00bb wrap=\u00a0\u00bbyes\u00a0\u00bb][vc_video link=\u00a0\u00bbhttps:\/\/youtu.be\/peNi6hwPZJg\u00a0\u00bb title=\u00a0\u00bbPremi\u00e8re demi-finale du concours d&rsquo;\u00e9loquence Stan&rsquo;Nice 2019&Prime;][vc_video link=\u00a0\u00bbhttps:\/\/youtu.be\/3BfCjT9120Q\u00a0\u00bb title=\u00a0\u00bbDeuxi\u00e8me demi-finale concours d&rsquo;\u00e9loquence Stan&rsquo;Nice 2019&Prime;][vc_video link=\u00a0\u00bbhttps:\/\/youtu.be\/HTRs87C9tAc\u00a0\u00bb title=\u00a0\u00bbFinale du concours d&rsquo;\u00e9loquence Stan&rsquo;Nice 2019&Prime;][\/vc_column][\/vc_row][vc_row][vc_column][vc_column_text]1er Round<br \/>\n(Chaque round dure 30 minutes.)<br \/>\n09\/01\u00a0: 12:15\u00a0: Karl Luneau &amp; Pauline Puharr\u00e9\u00a0: \u00ab\u00a0Peut-on \u00eatre un parfait \u00e9go\u00efste\u00a0?\u00a0\u00bb<br \/>\n10\/01\u00a0: 12:15\u00a0: Paul Laclias\u00a0&amp; Louis Marais-Baglione\u00a0: \u00ab\u00a0Libert\u00e9, \u00e9galit\u00e9, fraternit\u00e9\u00a0: laquelle de ces trois valeurs est la plus fondamentale\u00a0?\u00a0\u00bb<br \/>\n10\/01\u00a0: 12:50\u00a0: Alexis Guillon &amp; Edoardo Parenti\u00a0: \u00ab\u00a0Est-on jamais libre\u00a0?\u00a0\u00bb<br \/>\n14\/01\u00a0: 12:15\u00a0: Alicia Gumpel &amp; Agathe Martet\u00a0: &#8230;<\/p>\n","protected":false},"author":3,"featured_media":0,"parent":0,"menu_order":0,"comment_status":"closed","ping_status":"closed","template":"","meta":{"_links_to":"","_links_to_target":""},"_links":{"self":[{"href":"https:\/\/stanislas-nice.com\/site\/wp-json\/wp\/v2\/pages\/2034"}],"collection":[{"href":"https:\/\/stanislas-nice.com\/site\/wp-json\/wp\/v2\/pages"}],"about":[{"href":"https:\/\/stanislas-nice.com\/site\/wp-json\/wp\/v2\/types\/page"}],"author":[{"embeddable":true,"href":"https:\/\/stanislas-nice.com\/site\/wp-json\/wp\/v2\/users\/3"}],"replies":[{"embeddable":true,"href":"https:\/\/stanislas-nice.com\/site\/wp-json\/wp\/v2\/comments?post=2034"}],"version-history":[{"count":7,"href":"https:\/\/stanislas-nice.com\/site\/wp-json\/wp\/v2\/pages\/2034\/revisions"}],"predecessor-version":[{"id":2127,"href":"https:\/\/stanislas-nice.com\/site\/wp-json\/wp\/v2\/pages\/2034\/revisions\/2127"}],"wp:attachment":[{"href":"https:\/\/stanislas-nice.com\/site\/wp-json\/wp\/v2\/media?parent=2034"}],"curies":[{"name":"wp","href":"https:\/\/api.w.org\/{rel}","templated":true}]}}