{"id":3227,"date":"2022-12-02T09:50:25","date_gmt":"2022-12-02T08:50:25","guid":{"rendered":"https:\/\/stanislas-nice.com\/site\/?page_id=3227"},"modified":"2022-12-02T09:51:25","modified_gmt":"2022-12-02T08:51:25","slug":"lequipe-pedagogique-et-educative","status":"publish","type":"page","link":"https:\/\/stanislas-nice.com\/site\/lequipe-pedagogique-et-educative\/","title":{"rendered":"L\u2019\u00e9quipe p\u00e9dagogique et \u00e9ducative"},"content":{"rendered":"<p>[vc_row][vc_column][vc_column_text]L\u2019\u00e9quipe \u00e9ducative, tr\u00e8s soud\u00e9e, met toutes ses comp\u00e9tences, son dynamisme et son Esp\u00e9rance afin d\u2019accompagner chaque enfant confi\u00e9 \u00e0 d\u00e9couvrir ses talents, \u00e0 les faire fructifier pour lui et pour les autres, gr\u00e2ce \u00e0 son engagement et son travail r\u00e9gulier. Elle veille au bien-\u00eatre de chacun et au bien de tous en s\u2019appuyant sur le message \u00e9vang\u00e9lique.<\/p>\n<p>Chef d\u2019Etablissement 1<sup>er<\/sup> Degr\u00e9\u00a0: Mme DO LIVRAMENTO Marjorie<\/p>\n<p>Secr\u00e9taire de Direction\u00a0: Mme FILIPPI Patricia \/ Mme SABLEREAU Marie-Pierre<\/p>\n<p>Secr\u00e9taire d\u2019Accueil et de Scolarit\u00e9\u00a0: Mme LEDUC Ma\u00eft\u00e9<\/p>\n<p>Responsable Vie Scolaire\u00a0: Mme MELETTA B\u00e9atrice<\/p>\n<p>Professeurs des \u00e9coles\u00a0:<\/p>\n<ul>\n<li>CP\u00a0: Mme ERB Isabelle<\/li>\n<li>CE1\u00a0: Mme DALBERA B\u00e9atrice<\/li>\n<li>CE2\u00a0: Mme RAGUENET DE SAINT ALBIN Diane<\/li>\n<li>CM1\u00a0: Mme DESLORIEUX Florence<\/li>\n<li>CM2\u00a0: Mme DO LIVRAMENTO Marjorie &amp; Mme JOASSIN Catherine<\/li>\n<\/ul>\n<p>Intervenante en Sport\u00a0: Mme LARGE Ilona<\/p>\n<p>Intervenant en Anglais\u00a0: Mme FLORES Ulyana<\/p>\n<p>Animatrice en Pastorale\u00a0: Mme HERMIL Delphine<\/p>\n<p>Pr\u00eatre r\u00e9f\u00e9rent\u00a0: P\u00e8re Innocent ADANLETE<\/p>\n<p>Educateurs en charge de l\u2019\u00e9cole\u00a0: Tarek, Marcin, Caroline, Violette, Antoine, Olfa et Audrey<\/p>\n<p>Pr\u00e9sidente de l\u2019APEL\u00a0: Mme SCOFFIER Eve<\/p>\n<p>Vice-Pr\u00e9sidente de l\u2019APEL en charge de l\u2019\u00e9cole primaire\u00a0: Mme FRACHON Ichrak[\/vc_column_text][\/vc_column][\/vc_row]<\/p>\n","protected":false},"excerpt":{"rendered":"<p>[vc_row][vc_column][vc_column_text]L\u2019\u00e9quipe \u00e9ducative, tr\u00e8s soud\u00e9e, met toutes ses comp\u00e9tences, son dynamisme et son Esp\u00e9rance afin d\u2019accompagner chaque enfant confi\u00e9 \u00e0 d\u00e9couvrir ses talents, \u00e0 les faire fructifier pour lui et pour les autres, gr\u00e2ce \u00e0 son engagement et son travail r\u00e9gulier. Elle veille au bien-\u00eatre de chacun et au bien de tous en s\u2019appuyant sur le message \u00e9vang\u00e9lique.<br \/>\nChef d\u2019Etablissement 1er Degr\u00e9\u00a0: Mme DO LIVRAMENTO Marjorie<br \/>\nSecr\u00e9taire de Direction\u00a0: Mme FILIPPI Patricia \/ Mme SABLEREAU Marie-Pierre<br \/>\nSecr\u00e9taire d\u2019Accueil et de Scolarit\u00e9\u00a0: &#8230;<\/p>\n","protected":false},"author":3,"featured_media":0,"parent":0,"menu_order":0,"comment_status":"closed","ping_status":"closed","template":"template_leftnav.php","meta":{"_links_to":"","_links_to_target":""},"_links":{"self":[{"href":"https:\/\/stanislas-nice.com\/site\/wp-json\/wp\/v2\/pages\/3227"}],"collection":[{"href":"https:\/\/stanislas-nice.com\/site\/wp-json\/wp\/v2\/pages"}],"about":[{"href":"https:\/\/stanislas-nice.com\/site\/wp-json\/wp\/v2\/types\/page"}],"author":[{"embeddable":true,"href":"https:\/\/stanislas-nice.com\/site\/wp-json\/wp\/v2\/users\/3"}],"replies":[{"embeddable":true,"href":"https:\/\/stanislas-nice.com\/site\/wp-json\/wp\/v2\/comments?post=3227"}],"version-history":[{"count":3,"href":"https:\/\/stanislas-nice.com\/site\/wp-json\/wp\/v2\/pages\/3227\/revisions"}],"predecessor-version":[{"id":3230,"href":"https:\/\/stanislas-nice.com\/site\/wp-json\/wp\/v2\/pages\/3227\/revisions\/3230"}],"wp:attachment":[{"href":"https:\/\/stanislas-nice.com\/site\/wp-json\/wp\/v2\/media?parent=3227"}],"curies":[{"name":"wp","href":"https:\/\/api.w.org\/{rel}","templated":true}]}}