{"id":539,"date":"2016-06-23T15:52:09","date_gmt":"2016-06-23T14:52:09","guid":{"rendered":"http:\/\/stanislas-nice.com\/site\/?page_id=539"},"modified":"2022-04-26T07:42:32","modified_gmt":"2022-04-26T06:42:32","slug":"cycle-dadaptation-la-6ieme","status":"publish","type":"page","link":"https:\/\/stanislas-nice.com\/site\/cycle-dadaptation-la-6ieme\/","title":{"rendered":"Cycle de consolidation : la 6e"},"content":{"rendered":"<p>[vc_row][vc_column][vc_column_text]<\/p>\n<h2 style=\"text-align: center;\">Cycle de consolidation : 6e<\/h2>\n<p>[\/vc_column_text][vc_separator style=\u00a0\u00bbdouble\u00a0\u00bb][vc_column_text]La classe de 6e doit permettre aux \u00e9l\u00e8ves de <strong>s&rsquo;adapter \u00e0 l&rsquo;organisation et au cadre de vie du coll\u00e8ge<\/strong>, ainsi que <strong>d&rsquo;assurer la continuit\u00e9 des apprentissages<\/strong> entrepris dans les deux premi\u00e8res ann\u00e9es du cycle dans les classes de CM1 et de CM2.<\/p>\n<p>Une attention particuli\u00e8re est port\u00e9e \u00e0 l&rsquo;accueil des \u00e9l\u00e8ves et \u00e0 leur adaptation \u00e0 l\u2019enseignement secondaire.<\/p>\n<p><strong><u>Enseignements obligatoires<\/u><\/strong><\/p>\n<p>Les horaires sont les suivants, auxquels s\u2019ajoute 1 heure hebdomadaire de Pastorale \u00a0:[\/vc_column_text][\/vc_column][\/vc_row][vc_row][vc_column][vc_empty_space height=\u00a0\u00bb15px\u00a0\u00bb][vc_column_text]<\/p>\n<table id=\"tablepress-1\" class=\"tablepress tablepress-id-1\">\n<tbody class=\"row-hover\">\n<tr class=\"row-1 odd\">\n<td class=\"column-1\">Fran\u00e7ais<\/td>\n<td class=\"column-2\">4h30<\/td>\n<\/tr>\n<tr class=\"row-2 even\">\n<td class=\"column-1\">Hist\/G\u00e9o &#8211; Enseignement moral et civique<\/td>\n<td class=\"column-2\">3h<\/td>\n<\/tr>\n<tr class=\"row-3 odd\">\n<td class=\"column-1\">Langue vivante : Anglais<\/td>\n<td class=\"column-2\">4h<\/td>\n<\/tr>\n<tr class=\"row-4 even\">\n<td class=\"column-1\">Math\u00e9matiques<\/td>\n<td class=\"column-2\">4h30<\/td>\n<\/tr>\n<tr class=\"row-5 odd\">\n<td class=\"column-1\">SVT, technologie, physique-chimie<\/td>\n<td class=\"column-2\">4h<\/td>\n<\/tr>\n<tr class=\"row-6 even\">\n<td class=\"column-1\">Enseignements artistique : Arts plastiques + \u00e9ducation musicale<\/td>\n<td class=\"column-2\">1h +1h<\/td>\n<\/tr>\n<tr class=\"row-7 odd\">\n<td class=\"column-1\">Education physique et sportive<\/td>\n<td class=\"column-2\">4h<\/td>\n<\/tr>\n<tr class=\"row-8 even\">\n<td class=\"column-1\">Total<\/td>\n<td class=\"column-2\">26h<\/td>\n<\/tr>\n<\/tbody>\n<\/table>\n<p><!-- #tablepress-1 from cache -->[\/vc_column_text][vc_separator style=\u00a0\u00bbdouble\u00a0\u00bb][vc_column_text]<strong><u>La fin de cycle<\/u><\/strong><\/p>\n<p>Les objectifs de chaque fin de cycle sont fix\u00e9s par des <strong>programmes nationaux <\/strong>qui permettent de travailler les connaissances et les comp\u00e9tences du socle commun. Ces programmes comportent un enseignement d&rsquo;histoire des arts, ainsi que d&rsquo;\u00e9ducation aux m\u00e9dias et \u00e0 l&rsquo;information, qui ne sont pas rattach\u00e9s \u00e0 une discipline particuli\u00e8re mais sont assur\u00e9s par plusieurs professeurs, y compris le professeur documentaliste.<\/p>\n<p>Un bilan de fin de cycle est effectu\u00e9 sur la base de la ma\u00eetrise des comp\u00e9tences du socle commun.[\/vc_column_text][\/vc_column][\/vc_row]<\/p>\n","protected":false},"excerpt":{"rendered":"<p>[vc_row][vc_column][vc_column_text]<br \/>\nCycle de consolidation : 6e<br \/>\n[\/vc_column_text][vc_separator style=\u00a0\u00bbdouble\u00a0\u00bb][vc_column_text]La classe de 6e doit permettre aux \u00e9l\u00e8ves de s&rsquo;adapter \u00e0 l&rsquo;organisation et au cadre de vie du coll\u00e8ge, ainsi que d&rsquo;assurer la continuit\u00e9 des apprentissages entrepris dans les deux premi\u00e8res ann\u00e9es du cycle dans les classes de CM1 et de CM2.<br \/>\nUne attention particuli\u00e8re est port\u00e9e \u00e0 l&rsquo;accueil des \u00e9l\u00e8ves et \u00e0 leur adaptation \u00e0 l\u2019enseignement secondaire.<br \/>\nEnseignements obligatoires<br \/>\nLes horaires sont les suivants, auxquels s\u2019ajoute 1 heure hebdomadaire de Pastorale \u00a0:[\/vc_column_text][\/vc_column][\/vc_row][vc_row][vc_column][vc_empty_space &#8230;<\/p>\n","protected":false},"author":1,"featured_media":0,"parent":0,"menu_order":0,"comment_status":"closed","ping_status":"closed","template":"template_leftnav.php","meta":{"_links_to":"","_links_to_target":""},"_links":{"self":[{"href":"https:\/\/stanislas-nice.com\/site\/wp-json\/wp\/v2\/pages\/539"}],"collection":[{"href":"https:\/\/stanislas-nice.com\/site\/wp-json\/wp\/v2\/pages"}],"about":[{"href":"https:\/\/stanislas-nice.com\/site\/wp-json\/wp\/v2\/types\/page"}],"author":[{"embeddable":true,"href":"https:\/\/stanislas-nice.com\/site\/wp-json\/wp\/v2\/users\/1"}],"replies":[{"embeddable":true,"href":"https:\/\/stanislas-nice.com\/site\/wp-json\/wp\/v2\/comments?post=539"}],"version-history":[{"count":71,"href":"https:\/\/stanislas-nice.com\/site\/wp-json\/wp\/v2\/pages\/539\/revisions"}],"predecessor-version":[{"id":2853,"href":"https:\/\/stanislas-nice.com\/site\/wp-json\/wp\/v2\/pages\/539\/revisions\/2853"}],"wp:attachment":[{"href":"https:\/\/stanislas-nice.com\/site\/wp-json\/wp\/v2\/media?parent=539"}],"curies":[{"name":"wp","href":"https:\/\/api.w.org\/{rel}","templated":true}]}}

<p>[vc_row][vc_column][vc_column_text]</p>
<h2 style="text-align: center;">Cycle de consolidation : 6e</h2>
<p>[/vc_column_text][vc_separator style= »double »][vc_column_text]La classe de 6e doit permettre aux élèves de <strong>s&rsquo;adapter à l&rsquo;organisation et au cadre de vie du collège</strong>, ainsi que <strong>d&rsquo;assurer la continuité des apprentissages</strong> entrepris dans les deux premières années du cycle dans les classes de CM1 et de CM2.</p>
<p>Une attention particulière est portée à l&rsquo;accueil des élèves et à leur adaptation à l’enseignement secondaire.</p>
<p><strong><u>Enseignements obligatoires</u></strong></p>
<p>Les horaires sont les suivants, auxquels s’ajoute 1 heure hebdomadaire de Pastorale  :[/vc_column_text][/vc_column][/vc_row][vc_row][vc_column][vc_empty_space height= »15px »][vc_column_text]</p>
<table id="tablepress-1" class="tablepress tablepress-id-1">
<tbody class="row-hover">
<tr class="row-1 odd">
<td class="column-1">Français</td>
<td class="column-2">4h30</td>
</tr>
<tr class="row-2 even">
<td class="column-1">Hist/Géo &#8211; Enseignement moral et civique</td>
<td class="column-2">3h</td>
</tr>
<tr class="row-3 odd">
<td class="column-1">Langue vivante : Anglais</td>
<td class="column-2">4h</td>
</tr>
<tr class="row-4 even">
<td class="column-1">Mathématiques</td>
<td class="column-2">4h30</td>
</tr>
<tr class="row-5 odd">
<td class="column-1">SVT, technologie, physique-chimie</td>
<td class="column-2">4h</td>
</tr>
<tr class="row-6 even">
<td class="column-1">Enseignements artistique : Arts plastiques + éducation musicale</td>
<td class="column-2">1h +1h</td>
</tr>
<tr class="row-7 odd">
<td class="column-1">Education physique et sportive</td>
<td class="column-2">4h</td>
</tr>
<tr class="row-8 even">
<td class="column-1">Total</td>
<td class="column-2">26h</td>
</tr>
</tbody>
</table>
<p><!-- #tablepress-1 from cache -->[/vc_column_text][vc_separator style= »double »][vc_column_text]<strong><u>La fin de cycle</u></strong></p>
<p>Les objectifs de chaque fin de cycle sont fixés par des <strong>programmes nationaux </strong>qui permettent de travailler les connaissances et les compétences du socle commun. Ces programmes comportent un enseignement d&rsquo;histoire des arts, ainsi que d&rsquo;éducation aux médias et à l&rsquo;information, qui ne sont pas rattachés à une discipline particulière mais sont assurés par plusieurs professeurs, y compris le professeur documentaliste.</p>
<p>Un bilan de fin de cycle est effectué sur la base de la maîtrise des compétences du socle commun.[/vc_column_text][/vc_column][/vc_row]</p>

<p>[vc_row][vc_column][vc_column_text]<br />
Cycle de consolidation : 6e<br />
[/vc_column_text][vc_separator style= »double »][vc_column_text]La classe de 6e doit permettre aux élèves de s&rsquo;adapter à l&rsquo;organisation et au cadre de vie du collège, ainsi que d&rsquo;assurer la continuité des apprentissages entrepris dans les deux premières années du cycle dans les classes de CM1 et de CM2.<br />
Une attention particulière est portée à l&rsquo;accueil des élèves et à leur adaptation à l’enseignement secondaire.<br />
Enseignements obligatoires<br />
Les horaires sont les suivants, auxquels s’ajoute 1 heure hebdomadaire de Pastorale  :[/vc_column_text][/vc_column][/vc_row][vc_row][vc_column][vc_empty_space &#8230;</p>
