{"id":675,"date":"2016-07-07T15:46:49","date_gmt":"2016-07-07T14:46:49","guid":{"rendered":"http:\/\/stanislas-nice.com\/site\/?page_id=675"},"modified":"2022-12-02T09:35:01","modified_gmt":"2022-12-02T08:35:01","slug":"pedagogie","status":"publish","type":"page","link":"https:\/\/stanislas-nice.com\/site\/pedagogie\/","title":{"rendered":"\u00c9cole \u00e9l\u00e9mentaire"},"content":{"rendered":"<p>[vc_row][vc_column][vc_column_text]<\/p>\n<h2 style=\"text-align: center;\">L\u2019\u00c9cole \u00e9l\u00e9mentaire<\/h2>\n<p>[\/vc_column_text][vc_separator style=\u00a0\u00bbdouble\u00a0\u00bb][vc_column_text]L&rsquo;\u00e9cole \u00e9l\u00e9mentaire accueille les \u00e9l\u00e8ves de 6 \u00e0 11 ans sur deux cycles (cycle 2 et d\u00e9but du cycle 3) et cinq niveaux de classes : le cours pr\u00e9paratoire, le cours \u00e9l\u00e9mentaire 1re ann\u00e9e, le cours \u00e9l\u00e9mentaire 2e ann\u00e9e, le cours moyen 1re ann\u00e9e et le cours moyen 2e ann\u00e9e.<\/p>\n<p>La formation dispens\u00e9e assure l&rsquo;acquisition des fondamentaux : lire, \u00e9crire, compter, respecter autrui.<br \/>\nDe plus, elle suscite le d\u00e9veloppement de l&rsquo;intelligence, de la sensibilit\u00e9 artistique, des aptitudes manuelles, physiques et sportives.<br \/>\nElle dispense les \u00e9l\u00e9ments d&rsquo;une culture historique, g\u00e9ographique, scientifique et technique.<br \/>\nElle offre une \u00e9ducation aux arts visuels et aux arts musicaux.<br \/>\nElle assure l&rsquo;enseignement d&rsquo;une langue vivante \u00e9trang\u00e8re.<br \/>\nElle contribue \u00e9galement \u00e0 la compr\u00e9hension et \u00e0 un usage autonome et responsable des m\u00e9dias, notamment num\u00e9riques.<br \/>\nElle assure l&rsquo;acquisition et la compr\u00e9hension de l&rsquo;exigence du respect de la personne, de ses origines et de ses diff\u00e9rences.<br \/>\nElle transmet \u00e9galement l&rsquo;exigence du respect des droits de l&rsquo;enfant et de l&rsquo;\u00e9galit\u00e9 entre les femmes et les hommes.<\/p>\n<p>Elle assure conjointement avec la famille l&rsquo;enseignement moral et civique qui comprend, pour permettre l&rsquo;exercice de la citoyennet\u00e9, l&rsquo;acquisition et le partage des valeurs et symboles de la R\u00e9publique et de l&rsquo;Union europ\u00e9enne.<\/p>\n<p>Les activit\u00e9s p\u00e9dagogiques compl\u00e9mentaires (APC) propos\u00e9es aux \u00e9l\u00e8ves avec l&rsquo;accord des responsables l\u00e9gaux, en sus des vingt-quatre heures hebdomadaires d&rsquo;enseignement, sont pleinement investies pour soutenir les apprentissages fondamentaux des \u00e9l\u00e8ves et assurer la ma\u00eetrise des apprentissages et de la langue fran\u00e7aise par tous.[\/vc_column_text][\/vc_column][\/vc_row][vc_row][vc_column][vc_column_text]<strong>Le temps d&rsquo;enseignement :<\/strong><\/p>\n<p>Cycle des apprentissages fondamentaux (CP\/CE1\/CE2)<\/p>\n<table id=\"tablepress-11\" class=\"tablepress tablepress-id-11\">\n<thead>\n<tr class=\"row-1 odd\">\n<th class=\"column-1\">Domaines disciplinaires<\/th>\n<th class=\"column-2\">Dur\u00e9e hebdomadaire moyenne<\/th>\n<\/tr>\n<\/thead>\n<tbody class=\"row-hover\">\n<tr class=\"row-2 even\">\n<td class=\"column-1\">Fran\u00e7ais<\/td>\n<td class=\"column-2\">10h<\/td>\n<\/tr>\n<tr class=\"row-3 odd\">\n<td class=\"column-1\">Math\u00e9matiques<\/td>\n<td class=\"column-2\">5h<\/td>\n<\/tr>\n<tr class=\"row-4 even\">\n<td class=\"column-1\">Langues vivantes<br \/>\n(\u00e9trang\u00e8res ou r\u00e9gionales)<\/td>\n<td class=\"column-2\">1h30<\/td>\n<\/tr>\n<tr class=\"row-5 odd\">\n<td class=\"column-1\">EPS<\/td>\n<td class=\"column-2\">3h<\/td>\n<\/tr>\n<tr class=\"row-6 even\">\n<td class=\"column-1\">Enseignements artistiques<\/td>\n<td class=\"column-2\">2h<\/td>\n<\/tr>\n<tr class=\"row-7 odd\">\n<td class=\"column-1\">Questionner le monde \/ EMC<\/td>\n<td class=\"column-2\">2h30<\/td>\n<\/tr>\n<tr class=\"row-8 even\">\n<td class=\"column-1\">Total<\/td>\n<td class=\"column-2\">24h<\/td>\n<\/tr>\n<\/tbody>\n<\/table>\n<p><!-- #tablepress-11 from cache --><\/p>\n<p>Cycle de consolidation (CM1\/CM2)<\/p>\n<table id=\"tablepress-12\" class=\"tablepress tablepress-id-12\">\n<thead>\n<tr class=\"row-1 odd\">\n<th class=\"column-1\">Domaines disciplinaires<\/th>\n<th class=\"column-2\">Dur\u00e9e hebdomadaire moyenne<\/th>\n<\/tr>\n<\/thead>\n<tbody class=\"row-hover\">\n<tr class=\"row-2 even\">\n<td class=\"column-1\">Fran\u00e7ais<\/td>\n<td class=\"column-2\">8h<\/td>\n<\/tr>\n<tr class=\"row-3 odd\">\n<td class=\"column-1\">Math\u00e9matiques<\/td>\n<td class=\"column-2\">5h<\/td>\n<\/tr>\n<tr class=\"row-4 even\">\n<td class=\"column-1\">Langues vivantes<\/td>\n<td class=\"column-2\">1h30<\/td>\n<\/tr>\n<tr class=\"row-5 odd\">\n<td class=\"column-1\">EPS<\/td>\n<td class=\"column-2\">3h<\/td>\n<\/tr>\n<tr class=\"row-6 even\">\n<td class=\"column-1\">Sciences et technologie<\/td>\n<td class=\"column-2\">2h<\/td>\n<\/tr>\n<tr class=\"row-7 odd\">\n<td class=\"column-1\">Enseignements artistiques<\/td>\n<td class=\"column-2\">2h<\/td>\n<\/tr>\n<tr class=\"row-8 even\">\n<td class=\"column-1\">Histoire et g\u00e9ographie \/ EMC<\/td>\n<td class=\"column-2\">2h30<\/td>\n<\/tr>\n<tr class=\"row-9 odd\">\n<td class=\"column-1\">Total<\/td>\n<td class=\"column-2\">24h<\/td>\n<\/tr>\n<\/tbody>\n<\/table>\n<p><!-- #tablepress-12 from cache -->[\/vc_column_text][\/vc_column][\/vc_row][vc_row][vc_column][\/vc_column][\/vc_row]<\/p>\n","protected":false},"excerpt":{"rendered":"<p>[vc_row][vc_column][vc_column_text]<br \/>\nL\u2019\u00c9cole \u00e9l\u00e9mentaire<br \/>\n[\/vc_column_text][vc_separator style=\u00a0\u00bbdouble\u00a0\u00bb][vc_column_text]L&rsquo;\u00e9cole \u00e9l\u00e9mentaire accueille les \u00e9l\u00e8ves de 6 \u00e0 11 ans sur deux cycles (cycle 2 et d\u00e9but du cycle 3) et cinq niveaux de classes : le cours pr\u00e9paratoire, le cours \u00e9l\u00e9mentaire 1re ann\u00e9e, le cours \u00e9l\u00e9mentaire 2e ann\u00e9e, le cours moyen 1re ann\u00e9e et le cours moyen 2e ann\u00e9e.<br \/>\nLa formation dispens\u00e9e assure l&rsquo;acquisition des fondamentaux : lire, \u00e9crire, compter, respecter autrui.<br \/>\nDe plus, elle suscite le d\u00e9veloppement de l&rsquo;intelligence, de la sensibilit\u00e9 artistique, des &#8230;<\/p>\n","protected":false},"author":1,"featured_media":0,"parent":0,"menu_order":0,"comment_status":"closed","ping_status":"closed","template":"template_leftnav.php","meta":{"_links_to":"","_links_to_target":""},"_links":{"self":[{"href":"https:\/\/stanislas-nice.com\/site\/wp-json\/wp\/v2\/pages\/675"}],"collection":[{"href":"https:\/\/stanislas-nice.com\/site\/wp-json\/wp\/v2\/pages"}],"about":[{"href":"https:\/\/stanislas-nice.com\/site\/wp-json\/wp\/v2\/types\/page"}],"author":[{"embeddable":true,"href":"https:\/\/stanislas-nice.com\/site\/wp-json\/wp\/v2\/users\/1"}],"replies":[{"embeddable":true,"href":"https:\/\/stanislas-nice.com\/site\/wp-json\/wp\/v2\/comments?post=675"}],"version-history":[{"count":25,"href":"https:\/\/stanislas-nice.com\/site\/wp-json\/wp\/v2\/pages\/675\/revisions"}],"predecessor-version":[{"id":3213,"href":"https:\/\/stanislas-nice.com\/site\/wp-json\/wp\/v2\/pages\/675\/revisions\/3213"}],"wp:attachment":[{"href":"https:\/\/stanislas-nice.com\/site\/wp-json\/wp\/v2\/media?parent=675"}],"curies":[{"name":"wp","href":"https:\/\/api.w.org\/{rel}","templated":true}]}}