{"id":704,"date":"2016-07-12T09:21:34","date_gmt":"2016-07-12T08:21:34","guid":{"rendered":"http:\/\/stanislas-nice.com\/site\/?page_id=704"},"modified":"2022-11-29T12:15:14","modified_gmt":"2022-11-29T11:15:14","slug":"lycee-seconde-generale","status":"publish","type":"page","link":"https:\/\/stanislas-nice.com\/site\/lycee-seconde-generale\/","title":{"rendered":"Lyc\u00e9e &#8211; Seconde g\u00e9n\u00e9rale et technologique"},"content":{"rendered":"<p>[vc_row][vc_column][vc_column_text]<\/p>\n<h2 style=\"text-align: center;\">Seconde G\u00e9n\u00e9rale et Technologique<\/h2>\n<p>[\/vc_column_text][vc_separator style=\u00a0\u00bbdouble\u00a0\u00bb][vc_column_text]<strong>Le cycle de d\u00e9termination<\/strong> correspond \u00e0 la <strong>seconde g\u00e9n\u00e9rale et technologique<\/strong>. Il est commun aux \u00e9l\u00e8ves souhaitant s&rsquo;orienter vers la voie technologique ou vers la voie g\u00e9n\u00e9rale. C&rsquo;est \u00e0 l&rsquo;issue de la seconde que les \u00e9l\u00e8ves choisissent l&rsquo;une de ces voies.<\/p>\n<p>La classe de seconde g\u00e9n\u00e9rale et technologique est avant tout une classe de d\u00e9termination o\u00f9<strong> l&rsquo;\u00e9l\u00e8ve teste ses go\u00fbts et ses aptitudes avant de choisir une orientation en premi\u00e8re.<\/strong><\/p>\n<p>En fin de seconde, les \u00e9l\u00e8ves choisissent trois sp\u00e9cialit\u00e9s qu&rsquo;ils suivront en voie g\u00e9n\u00e9rale, ou une s\u00e9rie en voie technologique.<\/p>\n<p><a href=\"https:\/\/www.education.gouv.fr\/reussir-au-lycee\/les-enseignements-de-la-seconde-generale-et-technologique-41651\">https:\/\/www.education.gouv.fr\/reussir-au-lycee\/les-enseignements-de-la-seconde-generale-et-technologique-41651<\/a><\/p>\n<h2><strong>Horaires et organisation des enseignements<\/strong><\/h2>\n<p>La classe de seconde comprend\u00a0:<\/p>\n<ul>\n<li>des enseignements communs \u00e0 tous les \u00e9l\u00e8ves<\/li>\n<li>un ou deux enseignements optionnels au choix, \u00e0 choisir en fin de troisi\u00e8me\u00a0: si l&rsquo;\u00e9l\u00e8ve en choisit deux, il devra choisir un enseignement g\u00e9n\u00e9ral et technologique obligatoirement<\/li>\n<\/ul>\n<p>C&rsquo;est \u00e0 la fois une classe de consolidation d&rsquo;une culture commune \u00e0 tous les \u00e9l\u00e8ves et une classe de d\u00e9termination qui favorise des choix d&rsquo;orientation \u00e9clair\u00e9s en premi\u00e8re.<\/p>\n<p><strong>Accompagnement personnalis\u00e9<\/strong>\u00a0: volume horaire d\u00e9termin\u00e9 selon les besoins des \u00e9l\u00e8ves[\/vc_column_text][\/vc_column][\/vc_row][vc_row][vc_column][vc_empty_space height=\u00a0\u00bb15px\u00a0\u00bb][vc_column_text]<\/p>\n<h4>Enseignements obligatoires<\/h4>\n<p>[\/vc_column_text][vc_column_text]<\/p>\n<table id=\"tablepress-5\" class=\"tablepress tablepress-id-5\">\n<tbody class=\"row-hover\">\n<tr class=\"row-1 odd\">\n<td class=\"column-1\">Fran\u00e7ais<\/td>\n<td class=\"column-2\">4h<\/td>\n<\/tr>\n<tr class=\"row-2 even\">\n<td class=\"column-1\">Histoire, G\u00e9ographie, EMC<\/td>\n<td class=\"column-2\">3h<\/td>\n<\/tr>\n<tr class=\"row-3 odd\">\n<td class=\"column-1\">Langues vivantes A et B<\/td>\n<td class=\"column-2\">5h30<\/td>\n<\/tr>\n<tr class=\"row-4 even\">\n<td class=\"column-1\">Sciences \u00e9conomiques et sociales (obligatoire)<\/td>\n<td class=\"column-2\">1h30<\/td>\n<\/tr>\n<tr class=\"row-5 odd\">\n<td class=\"column-1\">Math\u00e9matiques<\/td>\n<td class=\"column-2\">4h<\/td>\n<\/tr>\n<tr class=\"row-6 even\">\n<td class=\"column-1\">Physique-Chimie<\/td>\n<td class=\"column-2\">3h<\/td>\n<\/tr>\n<tr class=\"row-7 odd\">\n<td class=\"column-1\">Sciences de la Vie et de la Terre<\/td>\n<td class=\"column-2\">1h30<\/td>\n<\/tr>\n<tr class=\"row-8 even\">\n<td class=\"column-1\">Education physique et sportives<\/td>\n<td class=\"column-2\">2h ou 3h selon le cycle<\/td>\n<\/tr>\n<tr class=\"row-9 odd\">\n<td class=\"column-1\">\u00c9ducation Morale et Civique<\/td>\n<td class=\"column-2\">0h30<\/td>\n<\/tr>\n<tr class=\"row-10 even\">\n<td class=\"column-1\">Sciences num\u00e9riques et technologique<\/td>\n<td class=\"column-2\">1h30<\/td>\n<\/tr>\n<tr class=\"row-11 odd\">\n<td class=\"column-1\">Pastorale<\/td>\n<td class=\"column-2\">1h<\/td>\n<\/tr>\n<tr class=\"row-12 even\">\n<td class=\"column-1\"><strong>Enseignements optionnels :<\/strong><\/td>\n<td class=\"column-2\"><\/td>\n<\/tr>\n<tr class=\"row-13 odd\">\n<td class=\"column-1\">Latin, Grec<\/td>\n<td class=\"column-2\">3h<\/td>\n<\/tr>\n<tr class=\"row-14 even\">\n<td class=\"column-1\">Arts Plastiques, \u00c9ducation musicale<\/td>\n<td class=\"column-2\">3h<\/td>\n<\/tr>\n<tr class=\"row-15 odd\">\n<td class=\"column-1\">Section europ\u00e9enne Anglais<\/td>\n<td class=\"column-2\">2h<\/td>\n<\/tr>\n<tr class=\"row-16 even\">\n<td class=\"column-1\">LVC (en lien avec le CNED)<\/td>\n<td class=\"column-2\"><\/td>\n<\/tr>\n<\/tbody>\n<\/table>\n<p><!-- #tablepress-5 from cache -->[\/vc_column_text][vc_message message_box_color=\u00a0\u00bbwarning\u00a0\u00bb]Directrice Adjointe : Mme BOTTON[\/vc_message][\/vc_column][\/vc_row]<\/p>\n","protected":false},"excerpt":{"rendered":"<p>[vc_row][vc_column][vc_column_text]<br \/>\nSeconde G\u00e9n\u00e9rale et Technologique<br \/>\n[\/vc_column_text][vc_separator style=\u00a0\u00bbdouble\u00a0\u00bb][vc_column_text]Le cycle de d\u00e9termination correspond \u00e0 la seconde g\u00e9n\u00e9rale et technologique. Il est commun aux \u00e9l\u00e8ves souhaitant s&rsquo;orienter vers la voie technologique ou vers la voie g\u00e9n\u00e9rale. C&rsquo;est \u00e0 l&rsquo;issue de la seconde que les \u00e9l\u00e8ves choisissent l&rsquo;une de ces voies.<br \/>\nLa classe de seconde g\u00e9n\u00e9rale et technologique est avant tout une classe de d\u00e9termination o\u00f9 l&rsquo;\u00e9l\u00e8ve teste ses go\u00fbts et ses aptitudes avant de choisir une orientation en premi\u00e8re.<br \/>\nEn fin de seconde, &#8230;<\/p>\n","protected":false},"author":1,"featured_media":0,"parent":0,"menu_order":0,"comment_status":"closed","ping_status":"closed","template":"template_leftnav.php","meta":{"_links_to":"","_links_to_target":""},"_links":{"self":[{"href":"https:\/\/stanislas-nice.com\/site\/wp-json\/wp\/v2\/pages\/704"}],"collection":[{"href":"https:\/\/stanislas-nice.com\/site\/wp-json\/wp\/v2\/pages"}],"about":[{"href":"https:\/\/stanislas-nice.com\/site\/wp-json\/wp\/v2\/types\/page"}],"author":[{"embeddable":true,"href":"https:\/\/stanislas-nice.com\/site\/wp-json\/wp\/v2\/users\/1"}],"replies":[{"embeddable":true,"href":"https:\/\/stanislas-nice.com\/site\/wp-json\/wp\/v2\/comments?post=704"}],"version-history":[{"count":14,"href":"https:\/\/stanislas-nice.com\/site\/wp-json\/wp\/v2\/pages\/704\/revisions"}],"predecessor-version":[{"id":3168,"href":"https:\/\/stanislas-nice.com\/site\/wp-json\/wp\/v2\/pages\/704\/revisions\/3168"}],"wp:attachment":[{"href":"https:\/\/stanislas-nice.com\/site\/wp-json\/wp\/v2\/media?parent=704"}],"curies":[{"name":"wp","href":"https:\/\/api.w.org\/{rel}","templated":true}]}}