{"id":742,"date":"2016-07-12T10:24:51","date_gmt":"2016-07-12T09:24:51","guid":{"rendered":"http:\/\/stanislas-nice.com\/site\/?page_id=742"},"modified":"2022-11-29T12:28:52","modified_gmt":"2022-11-29T11:28:52","slug":"lycee-lieux-de-travail","status":"publish","type":"page","link":"https:\/\/stanislas-nice.com\/site\/lycee-lieux-de-travail\/","title":{"rendered":"Lyc\u00e9e &#8211; Lieux de travail"},"content":{"rendered":"<p>[vc_row][vc_column][vc_column_text]<\/p>\n<h2 style=\"text-align: center;\">Lieux de travail<\/h2>\n<p>[\/vc_column_text][vc_separator style=\u00a0\u00bbdouble\u00a0\u00bb][\/vc_column][\/vc_row][vc_row][vc_column][vc_column_text]<strong>Pour travailler efficacement diff\u00e9rentes salles de l\u2019\u00e9tablissement sont sp\u00e9cialis\u00e9es. Elles sont accessibles autant par les coll\u00e9giens que par les lyc\u00e9ens.<\/strong><\/p>\n<p>Toutes les salles de classe sont \u00e9quip\u00e9es d\u2019un ordinateur et d\u2019un vid\u00e9o-projecteur.<\/p>\n<p>18 salles sont \u00e9quip\u00e9es avec un tableau blanc interactif.<\/p>\n<p>Le centre de documentation et d\u2019information;<\/p>\n<p>6 laboratoires pour la physique\/chimie et la science de la vie et de la terre.<\/p>\n<p>(3 Salles \u00e9quip\u00e9es d\u2019ordinateurs et une 3<sup>e<\/sup> avec des paillasses informatique)<\/p>\n<p>Technologie\u00a0: 3 salles dont 2 avec postes informatiques.<\/p>\n<p>2 salles multim\u00e9dia.<\/p>\n<p>2 salles pour les arts plastiques et 2 salles pour l\u2019\u00e9ducation musicale.[\/vc_column_text][\/vc_column][\/vc_row]<\/p>\n","protected":false},"excerpt":{"rendered":"<p>[vc_row][vc_column][vc_column_text]<br \/>\nLieux de travail<br \/>\n[\/vc_column_text][vc_separator style=\u00a0\u00bbdouble\u00a0\u00bb][\/vc_column][\/vc_row][vc_row][vc_column][vc_column_text]Pour travailler efficacement diff\u00e9rentes salles de l\u2019\u00e9tablissement sont sp\u00e9cialis\u00e9es. Elles sont accessibles autant par les coll\u00e9giens que par les lyc\u00e9ens.<br \/>\nToutes les salles de classe sont \u00e9quip\u00e9es d\u2019un ordinateur et d\u2019un vid\u00e9o-projecteur.<br \/>\n18 salles sont \u00e9quip\u00e9es avec un tableau blanc interactif.<br \/>\nLe centre de documentation et d\u2019information;<br \/>\n6 laboratoires pour la physique\/chimie et la science de la vie et de la terre.<br \/>\n(3 Salles \u00e9quip\u00e9es d\u2019ordinateurs et une 3e avec des paillasses informatique)<br \/>\nTechnologie\u00a0: 3 &#8230;<\/p>\n","protected":false},"author":1,"featured_media":0,"parent":0,"menu_order":0,"comment_status":"closed","ping_status":"closed","template":"template_leftnav.php","meta":{"_links_to":"","_links_to_target":""},"_links":{"self":[{"href":"https:\/\/stanislas-nice.com\/site\/wp-json\/wp\/v2\/pages\/742"}],"collection":[{"href":"https:\/\/stanislas-nice.com\/site\/wp-json\/wp\/v2\/pages"}],"about":[{"href":"https:\/\/stanislas-nice.com\/site\/wp-json\/wp\/v2\/types\/page"}],"author":[{"embeddable":true,"href":"https:\/\/stanislas-nice.com\/site\/wp-json\/wp\/v2\/users\/1"}],"replies":[{"embeddable":true,"href":"https:\/\/stanislas-nice.com\/site\/wp-json\/wp\/v2\/comments?post=742"}],"version-history":[{"count":3,"href":"https:\/\/stanislas-nice.com\/site\/wp-json\/wp\/v2\/pages\/742\/revisions"}],"predecessor-version":[{"id":3172,"href":"https:\/\/stanislas-nice.com\/site\/wp-json\/wp\/v2\/pages\/742\/revisions\/3172"}],"wp:attachment":[{"href":"https:\/\/stanislas-nice.com\/site\/wp-json\/wp\/v2\/media?parent=742"}],"curies":[{"name":"wp","href":"https:\/\/api.w.org\/{rel}","templated":true}]}}